tors of t?
2
Suppose 16 - 1 = 5*m. What are the prime factors of (8/(-24))/(m/(-144))?
2
Suppose -81 + 1 = 8*m. Let j be ((-24)/m)/(2/75). Let a = j - 26. What are the prime factors of a?
2
Suppose -s + 2011 = 3*v + s, v + 3*s = 668. What are the prime factors of v?
11, 61
Let z(g) = -18*g**3 + 3*g**2 + 3*g - 47. What are the prime factors of z(-6)?
3931
Let y(i) = i**2 - 17*i. Let f be y(17). Suppose 5*x + 160 - 1170 = f. List the prime factors of x.
2, 101
Let b(m) = -m**2 - 9*m + 10. Let d be 8*(14/4)/7. Let p(l) = -2*l**2 - 19*l + 21. Let n(g) = d*p(g) - 7*b(g). What are the prime factors of n(-12)?
2, 13
Suppose 46*x - 3762 = 7416. List the prime factors of x.
3
Let f(i) = 2*i - 6. Let u(l) = l**2 - 4*l + 3. Let a be u(4). Let s be f(a). List the prime factors of 18*(-2 + s + 3).
2, 3
Let u(i) = -7*i - 5. Let o be u(-3). Suppose 0 = 3*p - 268 + o. What are the prime factors of p?
2, 3, 7
Let g(a) = -2*a**2 + 0 + 2 + 0 + a**3 + 5*a - 5*a**2. Let z be g(7). Let y = z + -13. List the prime factors of y.
2, 3
What are the prime factors of (18/45)/(4/25840)?
2, 17, 19
Let m be (6/(-9))/(8/36). List the prime factors of (7/m)/((-11)/99).
3, 7
Let h(p) = -p**3 - p**2 + 2. Let q be 4/(-8) - 1/(-2). Let a be h(q). Suppose a*u + 4*u = 66. What are the prime factors of u?
11
Suppose -262*g + 256*g = -4524. List the prime factors of g.
2, 13, 29
Let a(q) = 6*q**2 + 3*q + 97. What are the prime factors of a(-10)?
23, 29
Let q = 3 - 2. Let c = q - -2. Suppose 0 = -c*r + 20 + 4. List the prime factors of r.
2
Let n = -1102 - -3256. List the prime factors of n.
2, 3, 359
Let u(q) = 53*q**3 + q**2 - 10*q + 22. What are the prime factors of u(2)?
2, 5, 43
Let h(i) = 10 + i + 11 - 2 - 1. Let l be h(0). Suppose l = 5*j - d, 3*d - 4*d = -3*j + 12. List the prime factors of j.
3
Let o(r) = r**3 + 26*r**2 + 92*r + 17. List the prime factors of o(-15).
2, 139
Suppose -4*v - 4*r + 14324 = 0, -31*r = -3*v - 30*r + 10763. List the prime factors of v.
2, 11, 163
Let p(a) = 25*a - 29. Let i be p(-5). Let z = 220 + i. What are the prime factors of z?
2, 3, 11
What are the prime factors of -2846*-3*2/12?
1423
Suppose 3*m = 3 + 6. Suppose m*q - 5*h = 80, 0*q + 68 = 3*q - 2*h. List the prime factors of q + -2 - (5 - 3).
2
Let p(b) = -524*b - 297. What are the prime factors of p(-7)?
3371
Let j = -125 - -229. Let r be j/32 - (-1)/(-4). Suppose 5*x = 4*n - n + 51, 15 = x - r*n. List the prime factors of x.
3
Let p be (-8)/(-3) - 32/(-24). Suppose p*y = -25 - 15. List the prime factors of (12/y)/((-3)/70).
2, 7
Let k = -70 - -145. What are the prime factors of k?
3, 5
Let d = -13 - -14. Let u = 10 + d. Suppose y - 3*a = -y + 13, -u = -2*y + 5*a. List the prime factors of y.
2
Let n(q) = -q**3 - 6*q**2 + 7*q + 1. Let s be n(-7). Let p = -5 + s. What are the prime factors of (-127)/p - (-5)/20?
2
Let k(u) = 8*u**3 - u**2 - u. Let x be k(-1). Let o = x + 12. Suppose -17 = -o*i + 83. What are the prime factors of i?
5
Let z(m) = m**2 + 9*m - 45. Let h be z(-13). Suppose h*r - 15*r + 560 = 0. List the prime factors of r.
2, 5, 7
Let w(z) = 75*z**2 + z + 2. Let o be w(-2). Suppose q = 4*q - o. Suppose -g - q = -3*g. List the prime factors of g.
2, 5
Let t = 0 + 0. Suppose -7 - 52 = -a + 5*d, d = -a + 77. Suppose p - 15 - 8 = q, t = 3*p - 4*q - a. List the prime factors of p.
2, 3
Let y(j) = -30*j - 498. List the prime factors of y(-31).
2, 3
What are the prime factors of (-491 - 19)*1*-1?
2, 3, 5, 17
Suppose 2*d + 5*j + 38 = 3*d, -4*j - 88 = -4*d. Suppose -d*y + 16*y = -96. List the prime factors of y.
2, 3
Let x = 29 - 24. Let k = 1 + x. Suppose -k*g - 5 + 29 = 0. List the prime factors of g.
2
Let o(b) = -3*b + 2. Let l(z) = -z + 1. Let u(n) = 5*l(n) - 3*o(n). Let i(c) = 3*c**2 + 2*c + 1. Let v be i(-1). List the prime factors of u(v).
7
Suppose 0 = 2*c - 4*p - 3598, -9634 = -4*c - 2*p - 2468. What are the prime factors of c?
11, 163
Let s be 44/10*15/2. Let a = s - -17. List the prime factors of a.
2, 5
Let s(x) = -53*x + 33. List the prime factors of s(-6).
3, 13
Suppose 2 = b + 2*i, -4*b = -5*b - 4*i - 2. Suppose -2 + 20 = -a. List the prime factors of 6/a - (-158)/b.
2, 13
Suppose -v + 17 = -3*h, -3*h - 3 + 9 = 0. List the prime factors of v.
23
Let g be 6/9*-6*-1. List the prime factors of (-1)/g + 750/24.
31
Let o(k) = -28*k**3 - k - 4. Let z be o(-2). Suppose -z = -5*b + 3*a, 5*b - 2*a = 166 + 57. What are the prime factors of b?
3, 5
Suppose -26 = 14*l + 58. List the prime factors of l/4*(-372)/9.
2, 31
Let z be ((-24)/20)/(1/(-5)). Let x be (-21)/(-28) - z/8. Suppose -46 = -2*l - 4*u - 2, x = 3*l + 2*u - 50. What are the prime factors of l?
2, 7
List the prime factors of 1*1619 + (-98 - -108).
3, 181
Let x = -137 + 394. Let q = 401 - x. List the prime factors of q.
2, 3
Suppose 5*h - 4*o = o + 330, o - 2 = 0. Let x = h + 8. What are the prime factors of x?
2, 19
Suppose 17 - 8 = 3*b. Let j = -2 - -7. Suppose -t - 92 = -3*t + b*y, 3*t - j*y - 138 = 0. List the prime factors of t.
2, 23
Let t be (-2 - 1)/(-12 - -11). Suppose -28 = -5*r - 0*o - t*o, -2*o - 18 = -4*r. List the prime factors of r.
5
Let q(b) = -b**2 - 5*b + 8. Suppose 2*m + 4 = -0, -5*m = 4*r + 10. Suppose k + 0*k = -4*j - 21, -5*k + 15 = r. What are the prime factors of q(j)?
2
Let q = -374 + 731. Let h = q - 232. What are the prime factors of h?
5
Let i = 61 - 18. What are the prime factors of i + (-1 + 2)*(-3)/(-1)?
2, 23
Let s(m) = -168*m + 376. List the prime factors of s(-8).
2, 5, 43
Let u = 3294 - -924. List the prime factors of u.
2, 3, 19, 37
What are the prime factors of 292/6 + (-20)/(-15)?
2, 5
Suppose -m + 2530 = 10*m. Suppose -4*t + 6*t = -b + m, -2*b + 232 = 2*t. List the prime factors of t.
2, 3, 19
Suppose -14*x = -x - 6279. List the prime factors of x.
3, 7, 23
List the prime factors of 6/(-51) - (-63144)/51.
2, 619
Let q be -1 - (2 + -5) - (7 + 0). Let n = -8 + 17. Let f = n + q. List the prime factors of f.
2
Let s = -53 + 80. List the prime factors of (24/(-6))/((-1)/s).
2, 3
Let i(b) = 3*b - 6. Let p be i(6). Suppose -15 = -3*c - 3*t + 189, -3*t + p = 0. What are the prime factors of c?
2
Let m = 11 - 11. Suppose -1 = -m*w - w. List the prime factors of w*24/(-9)*-9.
2, 3
Suppose -4*d + 8 = -0. Suppose 5*o - d = 8. What are the prime factors of o?
2
Let h = 4 - 24. Let b = -18 - h. Suppose -p - 22 = -b*p. List the prime factors of p.
2, 11
Suppose 4*f - g - 6063 = 0, -37*f + g = -34*f - 4548. List the prime factors of f.
3, 5, 101
Let d(g) = 4*g**2 + 12*g - 175. List the prime factors of d(10).
3, 5, 23
Suppose 4*t + 1292 = 32. List the prime factors of 1*-3 - t/5.
2, 3, 5
Suppose 33 = -4*a - b + 147, -137 = -5*a - 4*b. Suppose n - 140 = -a. List the prime factors of n.
3, 37
Suppose -4*g + 22 = -42. Suppose 7*l = 3*l - 5*j + 212, g = -4*j. What are the prime factors of l?
2, 29
Suppose -4*q + 11 - 32 = 5*x, -25 = 5*x. Let a = q - -2. Suppose a*t = -t + 216. What are the prime factors of t?
2, 3
Let n(x) be the second derivative of x**4/12 + 4*x**3/3 + 2*x**2 - 6*x. Let l be n(-8). What are the prime factors of (-1)/l + 351/12?
29
Let j be 555/2*(-48)/(-20). List the prime factors of (-3)/12 + j/8.
83
Let i = 34 + -22. Let s be i*-4*14/(-12). Suppose -5*q + s = -4. List the prime factors of q.
2, 3
Let k = 3613 - -2445. What are the prime factors of k?
2, 13, 233
Let c be 0/(-1)*(-1)/(-2). Suppose 2*a - 5*r + r = c, -3*r = 5*a. Suppose 2*g + a - 22 = 0. What are the prime factors of g?
11
List the prime factors of (6/(-8))/(111591/11160 - 10).
2, 3, 5, 31
Let m be 916/44 + (-6)/(-33). What are the prime factors of ((-7)/m)/((-1)/159 - 0)?
53
Let b be (-2)/8 - (-11)/(-4). Let w(l) = 4*l**2 + 8*l + 4. Let p(r) = -3*r**2 - 7*r - 4. Let n(u) = 6*p(u) + 5*w(u). List the prime factors of n(b).
2, 5
Let x = 6 - 8. Let w = 3 + x. Let j = 25 + w. What are the prime factors of j?
2, 13
Suppose 4*d - 2211 = n + 1712, 9 = -3*n. What are the prime factors of d?
2, 5, 7
Let l = 207 - -135. What are the prime factors of l?
2, 3, 19
Suppose -7120 = -5*o + 5*n, -3*o + 7132 = 2*o - n. List the prime factors of o.
1427
Let o = 126 - 27. Suppose -4*s = -7*s + o. What are the prime factors of 6/s - (-570)/11?
2, 13
Suppose 3*h - 14 = 28. What are the prime factors of (h + 1 + 0 + 3)*1?
2, 3
Let r be 